 4*h + 2*a + 2. Let s be h/(64/(-31) - -2). Let z = -21 - s. What is the greatest common divisor of 5 and z?
5
Let j(a) = a**3 - 5*a**2 - 3*a - 1. Let i be j(5). Suppose 6*r - 11*r + 10 = 0. Let o be (-3 - -2)/r*i. What is the greatest common divisor of o and 72?
8
Suppose -5*o = -2*o. Let q be (o - (47 + -3))*-1. What is the greatest common factor of 4 and q?
4
Suppose 149 = 4*l + p, -l - 4*p - p + 42 = 0. Suppose -4*z - 13 + l = 0. Calculate the greatest common factor of z and 6.
6
Let i(y) = y**2 + 6*y - 38. Let d be i(-12). Calculate the greatest common factor of d and 119.
17
Suppose -3*p = 5*g - 108, -2*g + p + 104 = 3*g. Let b(v) = v**2 - 9*v + 4. Let k be b(7). Let t = g + k. What is the highest common factor of 66 and t?
11
Let k = 0 - -84. Calculate the highest common factor of 36 and k.
12
Suppose -32 = -l - 4. Let t be l - (0/(-3))/1. What is the highest common divisor of t and 7?
7
Suppose -3*h + 1 = 7. Let z be (-10)/(h + (0 - 0)). What is the highest common factor of 45 and z?
5
Let i = -15 - -24. Let u(c) = -c**2 + 12*c - 9. Let x be u(i). Calculate the highest common divisor of 9 and x.
9
Suppose 0 = -7*q - 3*q. Let v = 37 + 23. Suppose -3*h + v = -q*h. Calculate the highest common divisor of 30 and h.
10
Suppose 5*p = -1830 + 5830. Suppose -h - h = -p. Suppose -3*t = 2*t - h. Calculate the highest common factor of t and 16.
16
Suppose 2*w - a - 12 = 0, -a = w - 6*a - 15. Let n(x) = -x**3 - 25*x**2 + x + 26. Let o be n(-25). What is the highest common factor of w and o?
1
Suppose -s + 20 = 2*w, 5*s = w + 3*s - 15. Calculate the greatest common divisor of w and 22.
11
Let j = 12 - 12. Suppose -5*a + 160 = 3*m, 5*m + j*a = -4*a + 284. Calculate the highest common factor of 24 and m.
12
Let x be 12 + 1 - 2/(-3 - -4). What is the greatest common divisor of 55 and x?
11
Suppose -75 = 2*v - 257. Let r(g) = -5*g + 3. Let c be r(7). Let q = c + 45. What is the highest common factor of v and q?
13
Suppose 5*i = 114 - 24. What is the highest common divisor of 6 and i?
6
Let m = -4 + 8. Suppose -14 - m = -3*u. Let j(k) = 7*k - 4. Let b be j(4). Calculate the highest common factor of b and u.
6
Let c be 0 + (39 - 3 - 0). What is the highest common divisor of c and 90?
18
Let i(r) = -r**2 + 7*r. Let f be i(6). What is the greatest common factor of f and 2?
2
Suppose -3*i - o = -5*o - 2, 0 = -i + 2*o. Suppose 0*q = -i*q + 10. Suppose 0 = -2*b + 21 + 89. Calculate the highest common divisor of b and q.
5
Suppose 3*n + 60 = 3*c, 2*c - 4*n - n = 52. Suppose -o - 8*o + 36 = 0. What is the greatest common divisor of c and o?
4
Let b = 67 - 35. Let p = 673 + -324. Suppose -h + 76 = -4*a, -5*h + 4*a + 47 + p = 0. Calculate the greatest common divisor of b and h.
16
Let v = 30 - -2. Suppose 5*m = s - 39 - 50, 2*s = 5*m + 203. Let y = -66 + s. Calculate the highest common divisor of v and y.
16
Suppose 0*y = -y - 2*u + 90, 0 = -2*y - 3*u + 180. Let k(w) = w - 5. Let c be k(15). Calculate the highest common factor of c and y.
10
Let j be 1*(-1 - (0 + -3)). Let v(p) = 6*p - 2. Let u be v(j). Calculate the greatest common factor of u and 30.
10
Suppose -4*p = 4*v + 664, 2*v + 326 = -3*p - 2*p. Let c be (-10)/(-3)*v/(-10). Calculate the highest common divisor of c and 7.
7
Let q(l) = -l**2 - l + 28. Let z be q(0). What is the highest common divisor of z and 4?
4
Let d(j) = -33*j - 10. Let t be d(7). Let c = 400 + t. Let m = c - 84. What is the highest common factor of 15 and m?
15
Suppose -5*d - 3*j + 275 = 2*j, 4*j - 165 = -3*d. Let z = d - 38. Let w be z - -1 - (-2 - -2). Calculate the highest common divisor of w and 2.
2
Suppose 7*z - 2*z - 15 = 0. Suppose -312 = -z*l + 2*v + v, 5*l - 522 = 3*v. Calculate the greatest common factor of l and 42.
21
Let s(d) = -2*d + 1. Let i be s(0). Calculate the highest common divisor of i and 8.
1
Suppose 5 = 3*u + k - 7, 2*k - 6 = 0. What is the highest common divisor of 12 and u?
3
Let h(u) = -3*u**2 + 2*u + 4. Suppose a - 2*t = -9, -4*a + 3 = 2*t + 3*t. Let p be h(a). Let i = 59 + p. What is the greatest common factor of i and 12?
6
Let s(t) = t**3 + 7*t**2 + 3*t - 2. Let i be s(-5). Let j = -13 + i. What is the greatest common factor of j and 140?
20
Let x(r) = -r**2 + 9*r + 5. Let c be x(9). Let z be 15/25 + 7/c. Calculate the greatest common divisor of z and 22.
2
Let z be 40/2*-3*8/(-30). Calculate the highest common divisor of 24 and z.
8
Suppose -4*u + 63 = -3*y, -3*u + 48 = -u + 4*y. Let t be 11 - (-1 + 1 + -1). What is the highest common divisor of t and u?
6
Let u(n) = -3*n - 41. Let i be u(-17). Let p(z) = z**2 - 3*z - 8. Let o be p(6). What is the highest common factor of o and i?
10
Suppose -4*j - 2*c = j - 115, -c = 5. Let k = j + -11. Suppose 4*f - 22 = -3*m, 4*f + 2*m - 34 = 5*m. What is the highest common divisor of f and k?
7
Let u be (-1 + -5*1)/(-1). Let r = -50 - -103. Suppose 0 = -4*a - 3*m + r + 130, 0 = -4*a - 2*m + 186. Calculate the greatest common divisor of a and u.
6
Let c be (-3)/2*(-160)/24. What is the greatest common factor of c and 40?
10
Let a(q) = -30*q - 6. Let b be a(-6). Suppose -y + 3*y = b. Calculate the greatest common divisor of y and 29.
29
Let k = 93 + -54. Let b be ((-26)/k)/(2/(-81)). What is the highest common divisor of 189 and b?
27
Let f be 1 + (-11 - (0 + 1)). Let n = -6 - f. Suppose 0 = 5*o + 7 - 17. What is the highest common factor of o and n?
1
Let o be 35/(-15) - (-2)/(-3). Let c = o - -8. What is the greatest common divisor of c and 15?
5
Suppose 7*l = 4*l + 3. Let h be (0 + -1)*1*-5. Let j be -2 + h + (0 - -6). Calculate the greatest common divisor of j and l.
1
Let j = 4 - 5. Let x be (-3 - j)*(-34)/4. What is the highest common factor of x and 17?
17
Suppose 5*x - 3 = 2. Calculate the highest common factor of x and 2.
1
Let o(h) = 6*h - 2. Let n be o(3). Suppose -5*b - 4*s - 112 = 0, -4*s - 12 = -0. Let m be (-3528)/b + 4/(-10). What is the greatest common divisor of n and m?
16
Suppose -5*b - 2*t + 53 = -t, -5*b + 65 = 5*t. Suppose 4*a = -3*u + 10, 3*u - 1 = -2*a + 1. Calculate the highest common factor of a and b.
2
Let u be (-1)/(1*(-2)/6). Suppose 0*l + 4*v = -4*l - 12, l = -5*v - 19. Let q = u - l. What is the greatest common divisor of q and 18?
2
Let v = 7 - -23. Calculate the highest common factor of v and 270.
30
Suppose 2*k + 3*f = k - 33, -38 = k + 4*f. Let v be ((-16)/(-12))/((-2)/k). Calculate the highest common factor of v and 6.
6
Let j = -10 - -10. Suppose j*w = -5*w + 160. Suppose 0 = 3*n + r - 53, 2*r + 21 = n + 3*r. Calculate the highest common divisor of w and n.
16
Let l = -2 + 6. Suppose -3*o - l*m = -m, 5*m - 32 = 3*o. Let k be 1*(-1)/(-1) - o. Calculate the highest common factor of k and 20.
5
Suppose 5*v = 4*v + 5*m, -46 = -5*v + 2*m. Let c be (7 + -6)/(2/6). Suppose -c*z + 0*z = -90. Calculate the highest common divisor of z and v.
10
Let q(x) = x**3 - 4*x**2 + x + 2. Let h be q(4). Let i be h/9 - 38/(-6). Let c = 61 + i. What is the greatest common factor of c and 17?
17
Let t be -11 + 14 - (-1 - 326). What is the highest common divisor of t and 33?
33
Let s(p) = 17*p + 3. Let u be s(-2). Let m = u - 3. Let g be (-2 - (m + 1)) + 2. What is the highest common factor of g and 11?
11
Suppose -h = 3, 0 = -0*n - 3*n - 5*h + 30. What is the greatest common divisor of n and 60?
15
Let a = 4 - 1. Suppose -a*m + 23 = 4*v - 3, -4*v + 10 = -5*m. Suppose 0 = -m*z + 2 + 8. Calculate the highest common factor of 5 and z.
5
Let n(s) = s**2 + s - 3. Let t be n(3). Let i be -2*((-22)/4 + 1). What is the highest common divisor of t and i?
9
Let w be 215/15 + (-3)/9. Let b = 90 - 23. Suppose b = -3*i + 235. Calculate the highest common divisor of w and i.
14
Let o be 1/2*(-43 + -1). Let a be -4*(2 - o/(-4)). Let d = 6 + a. What is the highest common divisor of d and 160?
20
Let z be (-2)/(4/6) - -9. Let d be 3/z - 165/(-6). What is the highest common factor of d and 7?
7
Suppose 2*z = -2*z + 64. Let g = z + -10. Let d be (3/2)/(g/32). Calculate the greatest common factor of d and 72.
8
Suppose -20*d + 622 + 578 = 0. What is the greatest common factor of d and 45?
15
Suppose -t + 3*m = -7, -2*m + m + 28 = 4*t. Let r(o) = -o**3 + 7*o**2 + 6*o - 9. Let s be r(6). What is the greatest common divisor of t and s?
7
Suppose -3*u + 4*w + 2 + 6 = 0,